{"id":177,"date":"2019-03-06T13:29:48","date_gmt":"2019-03-06T13:29:48","guid":{"rendered":"http:\/\/oroverdedigital.com.ar\/web\/?page_id=177"},"modified":"2019-03-06T13:29:48","modified_gmt":"2019-03-06T13:29:48","slug":"impresion-3d","status":"publish","type":"page","link":"https:\/\/oroverdedigital.com.ar\/web\/?page_id=177","title":{"rendered":"Impresi\u00f3n 3D"},"content":{"rendered":"<p><a href=\"http:\/\/oroverdedigital.com.ar\/web\/wp-content\/uploads\/2019\/03\/1-1.jpg\"><img loading=\"lazy\" decoding=\"async\" class=\"aligncenter size-large wp-image-182\" src=\"http:\/\/oroverdedigital.com.ar\/web\/wp-content\/uploads\/2019\/03\/1-1-1024x576.jpg\" alt=\"\" width=\"600\" height=\"338\" srcset=\"https:\/\/oroverdedigital.com.ar\/web\/wp-content\/uploads\/2019\/03\/1-1-1024x576.jpg 1024w, https:\/\/oroverdedigital.com.ar\/web\/wp-content\/uploads\/2019\/03\/1-1-300x169.jpg 300w, https:\/\/oroverdedigital.com.ar\/web\/wp-content\/uploads\/2019\/03\/1-1-768x432.jpg 768w, https:\/\/oroverdedigital.com.ar\/web\/wp-content\/uploads\/2019\/03\/1-1.jpg 1280w\" sizes=\"auto, (max-width: 600px) 100vw, 600px\" \/><\/a><\/p>\n<p>Contamos con equipamiento de \u00faltima generaci\u00f3n para impresi\u00f3n 3D con doble extrusor en diferentes materiales (PLA, PET, ABS, FLEX, etc.)<\/p>\n\n\t\t<style type=\"text\/css\">\n\t\t\t#gallery-1 {\n\t\t\t\tmargin: auto;\n\t\t\t}\n\t\t\t#gallery-1 .gallery-item {\n\t\t\t\tfloat: left;\n\t\t\t\tmargin-top: 10px;\n\t\t\t\ttext-align: center;\n\t\t\t\twidth: 50%;\n\t\t\t}\n\t\t\t#gallery-1 img {\n\t\t\t\tborder: 2px solid #cfcfcf;\n\t\t\t}\n\t\t\t#gallery-1 .gallery-caption {\n\t\t\t\tmargin-left: 0;\n\t\t\t}\n\t\t\t\/* see gallery_shortcode() in wp-includes\/media.php *\/\n\t\t<\/style>\n\t\t<div id='gallery-1' class='gallery galleryid-177 gallery-columns-2 gallery-size-thumbnail'><dl class='gallery-item'>\n\t\t\t<dt class='gallery-icon landscape'>\n\t\t\t\t<a href='https:\/\/oroverdedigital.com.ar\/web\/wp-content\/uploads\/2019\/03\/2-1.jpg'><img loading=\"lazy\" decoding=\"async\" width=\"150\" height=\"150\" src=\"https:\/\/oroverdedigital.com.ar\/web\/wp-content\/uploads\/2019\/03\/2-1-150x150.jpg\" class=\"attachment-thumbnail size-thumbnail\" alt=\"\" \/><\/a>\n\t\t\t<\/dt><\/dl><dl class='gallery-item'>\n\t\t\t<dt class='gallery-icon landscape'>\n\t\t\t\t<a href='https:\/\/oroverdedigital.com.ar\/web\/wp-content\/uploads\/2019\/03\/3-1.jpg'><img loading=\"lazy\" decoding=\"async\" width=\"150\" height=\"150\" src=\"https:\/\/oroverdedigital.com.ar\/web\/wp-content\/uploads\/2019\/03\/3-1-150x150.jpg\" class=\"attachment-thumbnail size-thumbnail\" alt=\"\" \/><\/a>\n\t\t\t<\/dt><\/dl><br style=\"clear: both\" \/>\n\t\t<\/div>\n\n","protected":false},"excerpt":{"rendered":"<p>Contamos con equipamiento de \u00faltima generaci\u00f3n para impresi\u00f3n 3D con doble extrusor en diferentes materiales (PLA, PET, ABS, FLEX, etc.)<\/p>\n","protected":false},"author":1,"featured_media":0,"parent":0,"menu_order":0,"comment_status":"closed","ping_status":"closed","template":"","meta":{"_et_pb_use_builder":"","_et_pb_old_content":"","_et_gb_content_width":"","footnotes":""},"class_list":["post-177","page","type-page","status-publish","hentry"],"_links":{"self":[{"href":"https:\/\/oroverdedigital.com.ar\/web\/index.php?rest_route=\/wp\/v2\/pages\/177","targetHints":{"allow":["GET"]}}],"collection":[{"href":"https:\/\/oroverdedigital.com.ar\/web\/index.php?rest_route=\/wp\/v2\/pages"}],"about":[{"href":"https:\/\/oroverdedigital.com.ar\/web\/index.php?rest_route=\/wp\/v2\/types\/page"}],"author":[{"embeddable":true,"href":"https:\/\/oroverdedigital.com.ar\/web\/index.php?rest_route=\/wp\/v2\/users\/1"}],"replies":[{"embeddable":true,"href":"https:\/\/oroverdedigital.com.ar\/web\/index.php?rest_route=%2Fwp%2Fv2%2Fcomments&post=177"}],"version-history":[{"count":1,"href":"https:\/\/oroverdedigital.com.ar\/web\/index.php?rest_route=\/wp\/v2\/pages\/177\/revisions"}],"predecessor-version":[{"id":188,"href":"https:\/\/oroverdedigital.com.ar\/web\/index.php?rest_route=\/wp\/v2\/pages\/177\/revisions\/188"}],"wp:attachment":[{"href":"https:\/\/oroverdedigital.com.ar\/web\/index.php?rest_route=%2Fwp%2Fv2%2Fmedia&parent=177"}],"curies":[{"name":"wp","href":"https:\/\/api.w.org\/{rel}","templated":true}]}}